h.
24
Let t = -17 + 32. Suppose -3*k - 35 = -50. Suppose 2*b = 8, -5*h + k*b = b - 419. What is the remainder when h is divided by t?
12
Let x = -7096 + 7230. What is the remainder when x is divided by 49?
36
Let y = 1025307 - 1025233. Let w(c) = -5*c - 6. Suppose 4*d + 20 = -2*s - 8, -4*s = -3*d + 1. What is the remainder when y is divided by w(d)?
17
Suppose 31*m = 7516 + 3985. Suppose 17*z - m = 139. What is the remainder when z is divided by 26?
4
Let i = 17 - 3. Let f(m) = -10*m**2 - 155*m - 9. Calculate the remainder when f(-15) is divided by i.
10
Suppose 1 = 2*z - v, -4*z - 1 + 38 = 5*v. Let f(h) = 2*h**3 - 6*h - 2. What is the remainder when 63 is divided by f(z)?
29
What is the remainder when 457 is divided by 11/(-231)*7 + (-25)/(-3)?
1
Suppose 31 = -u - 5. What is the remainder when 57 is divided by u/8*(-200)/90?
7
Let n(o) = 2*o - 17. Let x be n(-8). Let b = 35 + x. Suppose b*f + 3 - 47 = 0. Calculate the remainder when f is divided by 14.
8
What is the remainder when 5746 + ((-2)/(-1) - (-11 - (7 - 19))) is divided by 23?
20
Calculate the remainder when 581 is divided by (4 + (-476)/98)*(-735)/14.
41
Suppose -13*d + 16*d = n + 2870, 0 = -2*n + 2. Calculate the remainder when d is divided by 22.
11
Let c(x) be the second derivative of -x**5/20 - x**4/6 + x**3/6 + 11*x**2/2 + x + 133. Calculate the remainder when 253 is divided by c(-3).
15
Let m(d) = d**3 - 139*d**2 - 493*d + 68543. Let q be (-2)/(-3) + (-2)/3. Suppose 5*h - 208 - 17 = q. Calculate the remainder when h is divided by m(139).
13
Calculate the remainder when 75 is divided by (-6*(0 - 3/(-4)))/(705/(-9870)).
12
Let f(m) be the second derivative of 7*m**3/3 - 117*m**2/2 - 481*m. Let n(q) = 8*q + 1. Calculate the remainder when n(2) is divided by f(9).
8
Suppose 17*w - 784 = 13*w. Calculate the remainder when w is divided by (-1 + 23)*87/58.
31
Suppose 0 = 12*s - 18*s + 18. Calculate the remainder when 18 is divided by s + 0 + -4 + -1 + 8.
0
Let h = 67 - 59. Let c = -34 + 54. Suppose 9*y + c = 4*y, -4*y - 30 = -r. What is the remainder when r is divided by h?
6
Let w = 56985 + -56966. Let f = 85 - -9. What is the remainder when f is divided by w?
18
Let m(d) = 15 + 11*d**2 - 20*d + 9*d + 0 - 12*d**2. Let o = 27 + -38. What is the remainder when 59 is divided by m(o)?
14
Let f(o) = o**3 - 25*o**2 + 37*o + 159. What is the remainder when f(24) is divided by 80?
71
Let d be 14/3*5*12/20. Suppose -21 = -21*x + d*x. What is the remainder when 23 is divided by x?
2
Suppose -a - 16 = -3*t, -14*t + 3*a = -18*t + 17. Suppose 5*v = 3*p + 248, 4*p = -t*v + 153 + 123. Calculate the remainder when v is divided by 42.
10
Let y(x) = 710*x - 3 - 696*x - 6. Calculate the remainder when 65 is divided by y(2).
8
Let m = 8821 - 8698. Calculate the remainder when 691 is divided by m.
76
Let o(g) be the first derivative of -3/2*g**2 + 3*g - 5. What is the remainder when o(-5) is divided by 11?
7
Suppose -t + 87 + 86 = 0. Suppose 14*d - 263 + 165 = 0. Calculate the remainder when t is divided by d.
5
Calculate the remainder when (232/(-10))/((-5)/(-9 + 34)) is divided by 60.
56
Suppose -3*i = -11*i + 2984. Suppose -1037 = -59*f - 2*f. Calculate the remainder when i is divided by f.
16
Let s = 70 - 54. Suppose -32 = -8*v + s*v. What is the remainder when ((-24)/(-36))/(v/(-186)) is divided by 4?
3
Let n = 13 - -44. Suppose -15 - n = -a. Suppose 4*q - 106 = 2*l, -3*q + 5*l - 110 = -8*q. What is the remainder when a is divided by q?
22
Let p(t) = -t**2 - 25*t + 11. Let v be p(-8). Suppose -12*x + v = -441. Calculate the remainder when x is divided by 25.
24
Suppose 2*s = 7*j - 9*j + 3798, -2*j - 4*s = -3794. Calculate the remainder when j is divided by 238.
235
Let f(i) be the first derivative of 5*i**3/3 - i + 2. Let x be f(-1). What is the remainder when ((-12)/x - -3) + 1 is divided by 1?
0
Suppose g - 42*u - 52 = -47*u, -4*g + 227 = u. Calculate the remainder when 301 is divided by g.
16
Let m = 160 + -578. Let b = m + 481. Suppose q - 4*r = 2 - 5, -5*r = 4*q - 72. Calculate the remainder when b is divided by q.
11
Let j be (-8 + (-120)/(-16))*(1 + 13). Calculate the remainder when (8 + -1)*(j + 9) is divided by 8.
6
Let v = -4373 + 4474. Calculate the remainder when 1819 is divided by v.
1
Let t = 4618 + -4527. Calculate the remainder when t is divided by 34.
23
Let i(w) = w**2 - 13*w + 22. Suppose 4*t - 3*j - 61 = 0, 0*t - 4*j + 40 = 4*t. What is the remainder when 217 is divided by i(t)?
19
Let d = 17 + -41. Let q = 28 + d. Suppose 0 = -q*n + 70 + 46. Calculate the remainder when 84 is divided by n.
26
Let w = -116 + 46. Let x = w - -34. Let n = x + 41. Calculate the remainder when 28 is divided by n.
3
Let w(g) = -21*g + 238. Calculate the remainder when w(7) is divided by 22.
3
Suppose -5*a = 5*t - 3735 - 1420, -5*a + 5191 = -t. What is the remainder when 2108 is divided by a?
34
Let c(a) = -a**2 - 20*a - 36. Suppose 4*u + r = 316, 0 = -138*r + 143*r - 20. Calculate the remainder when u is divided by c(-16).
22
Suppose j = -3*j + 4*n + 68, -5*j + n + 65 = 0. Suppose j*h - 220 = 7*h. Suppose -30*i + 37*i = 105. Calculate the remainder when h is divided by i.
14
Suppose -4*f - 63*n + 48 = -67*n, -2*n - 37 = -3*f. What is the remainder when 563 is divided by f?
4
Let p = 347 - 347. Suppose p*a + 36*a - 3024 = 0. What is the remainder when 93 is divided by a?
9
Suppose -4*h = -66*v + 69*v - 466, -4*v = 24. What is the remainder when 377 is divided by h?
14
Let o = 402 + -264. Calculate the remainder when o is divided by ((-627)/76 - -9)/((-2)/(-104)).
21
Let d = 150 - 145. Suppose 0 = -f + q + 3*q + d, 0 = 2*q. Calculate the remainder when (75/(-12) + -3)*-4 is divided by f.
2
Let s = 48 - 30. Calculate the remainder when (6/(-4) - (-331 + 329))/(1/46) is divided by s.
5
Let u(s) = 13*s - 1. Let z be 0/((-21)/7 + 6). Suppose z = 17*l - 19*l - h + 88, 0 = -l - h + 43. What is the remainder when l is divided by u(1)?
9
Suppose v + 39 = 4*n, -8*n + 4*v = -9*n + 31. Calculate the remainder when 617 is divided by n + 2 + (-3)/1.
7
Suppose -4*p + 0*p = -156. What is the remainder when p is divided by 4/(-6)*-1*15?
9
Suppose -4*u - 253 = -14*u + 2697. What is the remainder when u is divided by 32?
7
Let x(j) = 4*j**2 + 42*j - 238. What is the remainder when x(9) is divided by 223?
18
Suppose 0 = 3*k + 4*a - 342, -a + 84 + 469 = 5*k. Calculate the remainder when k is divided by (-2)/(0 - (-5)/(-95)).
34
Suppose p - v = 0, 4*p + 15 - 5 = 6*v. What is the remainder when 68 - (2/1)/(-2) is divided by p?
4
Let q(y) = y**2 + y - 2. Let b(x) = 2*x**2 - x - 9. Suppose p = -1 + 4. Calculate the remainder when b(p) is divided by q(-3).
2
Let i(c) = -4*c + 5. Let t be i(1). Suppose -t = -y, 3*n - 4*y = 2*n + 7. Suppose -n*w - 25 = -564. What is the remainder when 144 is divided by w?
46
Let a = -33 + 228. What is the remainder when 400 is divided by a?
10
Suppose 0 = 4*l - 117 + 121, -4*v + 3*l + 1531 = 0. What is the remainder when 765 is divided by v?
1
Suppose 5*u + 4*u = 2430. Let c = u + -48. What is the remainder when c is divided by 25?
22
Let l(j) = -j**3 - 6*j**2 + 5*j + 13. Let z be l(-7). Suppose 1108 = z*n - 890. What is the remainder when n is divided by 36?
2
Let n be 8/12 - 1240/(-12). Let a(g) = 2*g**2 + 5*g - 9. Let r be a(5). Suppose r*j + n = 70*j. What is the remainder when 68 is divided by j?
16
Let j(t) = -t**2 - 6*t. Let k be j(-6). Suppose -3*z + q - 147 = k, 3*q = 6*q. Let x = z - -69. What is the remainder when 38 is divided by x?
18
Suppose y + 2*b = 130, 4*y + 12*b = 16*b + 508. Calculate the remainder when y is divided by 13.
11
Suppose s - 1 = 4. Let n be ((-5860)/(-60))/((-1)/3). Let y = -269 - n. Calculate the remainder when y is divided by s.
4
Let b(m) = m**2 - 7*m - 62. Let f be b(12). What is the remainder when -2 + f - -62*6/6 is divided by 12?
10
Let u(k) = -k**3 + 43*k**2 + 94*k + 28. Let n be u(45). Let x = n + -96. What is the remainder when x is divided by 25?
12
Calculate the remainder when -260 - -264 - 3*3 - 2452/(-2) is divided by 406.
3
Let p = -2791 - -2796. Let m be 3/7 - (-9)/(-21). Suppose -o - d + 17 = m, 4*d - 6*d - 42 = -2*o. Calculate the remainder when o is divided by p.
4
Suppose 5*r + 115 = -3*y - 10, 0 = -5*y + 25. Let m = -25 - r. Calculate th